 6/21 - 69/21. Let q(l) = -11 + 3*l - 11*l + 7. Let n be q(d). What is the highest common divisor of n and 140?
20
Suppose 28*y - 26*y = 26. What is the highest common factor of 104 and y?
13
Let p be 10/(-15) - (-128)/3. Let w = -14 + p. Calculate the greatest common factor of 84 and w.
28
Let r be -100*(-20)/8 + 5. What is the highest common factor of r and 102?
51
Suppose -5*r + 31 - 1 = 0. Calculate the greatest common factor of 66 and r.
6
Let r(m) be the second derivative of m**5/20 - m**4/12 - m**3/3 + 2*m**2 - m. Let a be r(4). What is the highest common factor of 4 and a?
4
Let t = 666 + -316. Calculate the highest common factor of 35 and t.
35
Suppose 0 = a, -2*i = -4*i + a - 242. Let f = 185 + i. Calculate the greatest common factor of f and 8.
8
Let q(l) = -l**3 - 6*l**2 - 4*l - 6. Let c be (-2)/4 - 35/10. Let i be q(c). Let m = i - -77. What is the highest common factor of m and 5?
5
Suppose -2*y + 62 = 5*b + 6, 29 = 2*b + 3*y. What is the highest common factor of 2 and b?
2
Let h be 2/(2/5) - 32/(-16). Calculate the greatest common factor of 35 and h.
7
Let w be -24 + 22 + (-1 - -2 - -229). What is the highest common divisor of w and 12?
12
Let i = 12 - 23. Let o(s) = s**2 + 11*s + 3. Let p be o(i). Suppose 0 = 2*r - r - 24. What is the greatest common factor of r and p?
3
Let o(b) = b**2 - b + 11. Let t be o(0). What is the greatest common factor of t and 44?
11
Let d = 1 - 0. Let j be (-1 - (d - 1)) + 3. Suppose 16 = 5*t - j*l, -l - 14 = -4*t - 0*l. What is the greatest common divisor of t and 44?
4
Let k = 4 - -8. Calculate the highest common factor of k and 3.
3
Suppose 0 = -4*r - 5*l + 100, 3*r - l = -0*l + 56. Suppose r = 2*d + 8. What is the greatest common factor of d and 48?
6
Suppose -w - 8 = -5*w. Let v be (3/2)/(2/(336/18)). What is the greatest common factor of v and w?
2
Suppose 2*f - 35 = 5*q, f - 37 = 5*q - 7. Calculate the greatest common factor of f and 45.
5
Suppose -5*m + 53 = -h, -2*m = h + 4*h - 5. Let s be 34/2 - (5 + -3). Calculate the highest common divisor of s and m.
5
Let r(n) = n + 1. Let g be r(7). Suppose 5*b + 49 = 2*m, 0*b - 3*b + 45 = 5*m. Calculate the highest common divisor of g and m.
4
Let j(o) = o**3 - 20*o**2 - 18*o - 36. Let b be j(21). Calculate the highest common factor of b and 9.
9
Let v be (-790)/(-9) - 4/(-18). Let d be (v*1)/((-6)/(-3)). What is the highest common divisor of 22 and d?
22
Suppose 7*a - 421 - 1091 = 0. Let u(o) = 23*o + 1. Let c be u(1). What is the greatest common factor of a and c?
24
Suppose -5*d + 275 = 35. Let w be 8/(-3 - 14/(-4)). Suppose m + 4 - w = 0. Calculate the highest common divisor of m and d.
12
Let h(y) = y**3 + 9*y**2 + 4. Let g be h(-9). Suppose -5*d = -g*d - 8. Suppose -1 = 3*r - 2*k, 5*k - 9 = r - 0*k. What is the highest common divisor of r and d?
1
Let q(z) = z**2 - 11*z + 13. Let j be q(10). Let l be (4/(-10))/(3/(-45)). Calculate the highest common divisor of l and j.
3
Let v be 3/(-2)*(11/(-3) + 1). Calculate the greatest common divisor of 36 and v.
4
Let w(p) = -3*p + 8. Let k be w(-4). Calculate the greatest common divisor of 4 and k.
4
Let r be (6/(-10))/(3/(-105)). Calculate the greatest common factor of r and 3.
3
Let n(w) = 11*w**2 - 5*w + 2. Let z be n(-4). Let v(b) = -b**3 + 7*b**2 + 11*b - 6. Let t be v(8). Calculate the greatest common factor of z and t.
18
Suppose 3*q = -10 + 172. Let s = -83 - -218. What is the highest common factor of s and q?
27
Let z = -10 - -10. Suppose 4*w - 25 - 55 = z. Calculate the highest common divisor of 5 and w.
5
Let i = 92 + -37. Calculate the greatest common factor of i and 5.
5
Let f = -19 - -10. Let x(p) = -2*p - 10. Let w be x(f). What is the highest common factor of w and 48?
8
Suppose -3*u = u + 2*p - 916, 5*u - 2*p - 1136 = 0. Suppose 0 = -0*b - 3*b + u. Let c = 19 + 0. Calculate the greatest common divisor of c and b.
19
Suppose 5*f = 127 + 213. Suppose 3*v = -2*i + 37, 2*i - 5*v = -0*v + 29. What is the greatest common factor of f and i?
17
Let a = 24 - 14. Suppose 4*x + 2*g = 66, -x + 10 = -3*g - a. Let l = x - -3. Calculate the highest common factor of l and 4.
4
Suppose 2*q - 128 = -u, -3*q - 375 = 2*u - 5*u. Calculate the greatest common factor of u and 18.
18
Let g be (16*(0 - 2))/1. Let y be 4 + -6 - (g + 2). What is the highest common divisor of 70 and y?
14
Let a(i) = 9 - 3*i - i**2 - 3 + 3 + 0*i**2. Let l be a(-4). Let v(k) = -k**3 + 6*k**2 + 9*k - 9. Let n be v(6). Calculate the highest common divisor of n and l.
5
Let v = -283 + 507. Suppose 0 = -5*f - 64 + v. Calculate the highest common divisor of f and 48.
16
Let f = 55 - 7. What is the highest common factor of 120 and f?
24
Let w = 40 - 34. Suppose -8 = -3*x - 5*d + 11, 20 = -5*d. Let i = 17 + x. What is the highest common divisor of i and w?
6
Let g = -59 - -33. Let n = 42 + g. Suppose -2*f - 3*f + 3*b = -46, -2 = f + 5*b. What is the highest common factor of n and f?
8
Let p be (-18)/(2 - 0)*-7. What is the highest common factor of 9 and p?
9
Suppose -3*p - 2*o - 72 = p, -4*o = 0. Let u be 2/(-3) + (-318)/p. Calculate the greatest common factor of 119 and u.
17
Suppose -3*w + 29 = -4*v, -3*w + 12 - 3 = 0. Let g be 8/(13/v - -3). What is the highest common factor of 5 and g?
5
Let v(n) = -n**3 - 5*n**2 - 3*n - 5. Let t = -9 + 4. Let r be v(t). Calculate the greatest common divisor of r and 40.
10
Suppose 2*h - n = n + 14, -1 = -n. Suppose 2*d - d = f + 68, 264 = 4*d - 2*f. What is the highest common divisor of d and h?
8
Suppose 0 = -0*y + y + 9. Let g = 21 + y. What is the greatest common divisor of g and 60?
12
Let h = 27 - 24. What is the highest common factor of h and 12?
3
Let v be 1/(1 - 30/35). What is the highest common divisor of 7 and v?
7
Suppose 72 = 3*y - 3*q, 3*y - 32 = q + 36. What is the greatest common factor of 55 and y?
11
Let g(a) = 2 - 2 + 2*a. Let i be g(2). Suppose -5 - 27 = -i*o. What is the highest common divisor of 56 and o?
8
Suppose -22*q = -25*q + 15. Calculate the greatest common factor of q and 2.
1
Suppose 4*a = -a + 30. Calculate the highest common divisor of 6 and a.
6
Let c(r) = -27*r - 25. Let d be c(-5). What is the greatest common divisor of 10 and d?
10
Suppose -3*m - 26 = -4*q - 5*m, 5*m = -2*q + 25. What is the highest common factor of 3 and q?
1
Let z be (-6)/(((-18)/(-20))/(-3)). Calculate the highest common divisor of 5 and z.
5
Let p = -11 + 20. Calculate the greatest common divisor of 72 and p.
9
Let g = 21 + -5. Let b be (14/(-3) + 3)*-18. Let t = 62 - b. What is the greatest common divisor of g and t?
16
Suppose k = -0 - 5, u - 4*k = 56. Let z be ((-5)/(-3))/((-3)/(-9)). Suppose 11 = -z*r + 56. Calculate the greatest common divisor of u and r.
9
Let d be ((-12)/(-15))/(4/10). Suppose d - 10 = 2*a - 4*g, 7 = -4*a + 5*g. Suppose -u + a*u = 30. Calculate the highest common factor of 75 and u.
15
Let o(s) = s**2 - 2*s - 2. Let w = -1 + -3. Let n be o(w). Suppose 3*z - 3*u = 6, -3*z + 4*u = -0*u - 6. What is the highest common divisor of z and n?
2
Let g(u) = 17*u - 3. Let n be g(4). Let a be (-2)/(-6)*(44 - 5). Calculate the greatest common factor of a and n.
13
Suppose q = -3*q + 32. Let k = 69 - 38. Let h = k - 19. Calculate the highest common factor of q and h.
4
Let u be ((-60)/(-14))/((-3)/(-14)). Calculate the highest common divisor of 8 and u.
4
Let n(s) = 2*s**2 - 68*s + 36. Let g be n(34). Suppose -o = o - 8. What is the highest common divisor of g and o?
4
Suppose 3*k = -5*s + 7 + 30, 0 = 3*s - 6. Let z = k + 3. What is the greatest common divisor of z and 36?
12
Suppose -2*s + 0*m = m + 1, 0 = 3*s - 2*m - 16. Let y be s/(-6) - (-1)/3. Let g be (-1 + -9)*(-4 + y). Calculate the highest common factor of 5 and g.
5
Suppose -p + 14 = h, 41 = h + 2*h + 4*p. Suppose -h - 9 = -u. Calculate the greatest common divisor of u and 8.
8
Let h = 54 + -18. Suppose n + 48 = 3*n. What is the highest common divisor of h and n?
12
Suppose 4*n = 9 + 7. Suppose -5*a - 2*m = -0*a - 6, 2*m + n = 0. Let i be (-2)/3 + (-26)/(-3). What is the highest common factor of a and i?
2
Suppose b + 0*b - 4*t = -3, 0 = 4*t - 16. Let s = b + -5. Suppose -3*r - 2*q = 0, 2*r - 5*q + 16 = 35. What is the greatest common factor of r and s?
2
Let a be (-2)/(24/(-66)*2/20). Calculate the highest common factor